 l.
3
Let g(j) = -j**3 + 13*j**2 - 8*j + 18. Let k be g(12). Suppose -33*s + 35*s - k = 0. What are the prime factors of s?
3, 11
Let d = 27 - 29. What are the prime factors of (d/(-6))/((-15)/(-810))?
2, 3
Let s be (-2)/(45/(-10) + 4). Suppose -s*g + 5*t + 748 = 0, 4*t - 383 = -2*g - 9. What are the prime factors of g?
11, 17
Let n(u) = -u**3 + 9*u**2 + u - 7. Let p be n(9). Let r = -6 - -54. Suppose 5*d = 2*v + 135, -d + r = d - p*v. List the prime factors of d.
29
Let v = 1043 + -696. What are the prime factors of v?
347
Suppose t - 2*u = 0, 4*t + 0*t + 3*u = 0. Let w(i) = -5*i**3 + i**2 - 5*i + 7*i + t*i**3 + 1. List the prime factors of w(-1).
5
Let c(m) = 12*m**2 - 3*m - 5. Suppose 0 = -13*g + 15*g - 6. What are the prime factors of c(g)?
2, 47
Suppose w = i - 152, 2*w = -4*i - 0*w + 632. Let s = -422 + i. List the prime factors of (-2)/(-5) - s/10.
3
Let t(p) = p**2 - 2*p + 1. Let h be t(1). Suppose h = 2*f - 3*f + 46. What are the prime factors of f?
2, 23
Let u = 464 - -26. Suppose 2*y - u = 44. List the prime factors of y.
3, 89
Suppose 3*z - 438 = -5*x, 2*x + 770 = 5*z - 3*x. List the prime factors of z.
151
Let s(v) = -v**2 - 3*v + 8. Let f be s(-7). Let u = -18 - f. Suppose -5*q + 4*q = -u, -z = -2*q - 49. What are the prime factors of z?
53
Let f(z) = -z**2 + z + 24. Let m be f(0). Let a = 27 + -12. Suppose -j + 4*t = -m, j = -5*t - a + 48. List the prime factors of j.
2, 7
Suppose -5*m + 209 = -346. Let l = m - 14. List the prime factors of l.
97
Suppose -6142 + 2218 = 9*h. Let y = -144 - h. List the prime factors of y.
2, 73
Let t(y) = 5*y**2 + 3*y + 3. Suppose 8*b = -5*m + 3*b, 4*m - 2*b + 12 = 0. Let a be t(m). Let p = 28 - a. List the prime factors of p.
11
Let n = -318 - -1060. What are the prime factors of n?
2, 7, 53
Suppose -2*c + 4528 = -5*f, -4*f - 2325 - 6707 = -4*c. List the prime factors of c.
2, 7, 23
Suppose -3*t = 2*b - 1770 - 2378, b = -t + 1382. What are the prime factors of t?
2, 173
Let k = -27 + 14. Let z(n) = 3*n - 8. Let a(h) = h - 4. Let u(r) = k*a(r) + 6*z(r). What are the prime factors of u(4)?
2, 3
Suppose 7 = 3*t + 4. Let i be t - (-12)/(1 + -5). What are the prime factors of ((-5)/(-20))/(i/(-232))?
29
Let a(y) = -2*y**3 - 25*y**2 + 13*y - 9. Let i be a(-13). What are the prime factors of 1/(-3) + 1/(i/(-345))?
2, 19
Let a(p) = p**3 + 8*p**2 + 7*p + 2. Let t be a(-7). Suppose -4*c + s = -t*s - 21, -2 = -2*s. What are the prime factors of c/27 + 448/9?
2, 5
List the prime factors of (-1 - -7) + (114 - -3).
3, 41
Suppose 2*z - a - 10 = 0, z + 3*a - 10 = -3*z. Suppose -3*t + 5*h + 341 = 0, -3*t - z*h + 333 = -h. List the prime factors of t.
2, 7
Let k = -167 + 46. Let t = 293 + k. What are the prime factors of t?
2, 43
Suppose -16 = -5*n + 34. Suppose 2*b + 2*q - n = 0, -10 = -2*b + 2*q - 6*q. Suppose l - a - 16 - 29 = 0, -4*a - 225 = -b*l. What are the prime factors of l?
3, 5
Let w(t) = -8*t + 248. List the prime factors of w(-35).
2, 3, 11
Let n = -958 + 1770. List the prime factors of n.
2, 7, 29
Suppose 2*m = -8, -3*r = -4*m + 3*m - 7. Let s(n) = 70*n - 5. What are the prime factors of s(r)?
5, 13
Let s be (-2673)/(-21) + 8/(-28). Let j = 136 + s. What are the prime factors of j?
263
Let m(l) = 5*l - 11. Let s be m(7). Suppose 11*o - s = 10*o. What are the prime factors of o?
2, 3
Let p(l) = -4*l + 24. Let x be p(5). Let v(o) = 12*o**2 - o - 1. Let j be v(-3). Suppose 0 = -x*w - w + j. What are the prime factors of w?
2, 11
Let s = 15 - 15. Suppose d = 2*d - 4*f - 37, 4*d + f - 233 = s. List the prime factors of d.
3, 19
Let p(t) = -3*t + 1. Let c be p(-3). List the prime factors of -2 + 2/(c/145).
3
What are the prime factors of 0 + 41744/72 - (-4)/18?
2, 5, 29
Let m(i) = -i**3 + 43*i**2 - 57*i + 53. What are the prime factors of m(41)?
2, 7, 11
Suppose 5*h - s - 1472 = 0, h - 298 = -0*h - s. What are the prime factors of h?
5, 59
Let c be 190/8 - 2/(-8). Suppose 4*h + c = u, -3*u - h - h = -30. Let k = u + 15. What are the prime factors of k?
3
Let h be ((-36)/90)/(2/(-20)). Suppose -h*s = -122 - 70. What are the prime factors of s?
2, 3
Suppose 4*q - 3734 = -582. What are the prime factors of q?
2, 197
Suppose -1832 = -2*h + 376. What are the prime factors of h?
2, 3, 23
Suppose 151 + 290 = -3*k. What are the prime factors of (-2)/7 - 19446/k?
2, 3, 11
Suppose 0 = -r - 142 - 20. List the prime factors of (r/(-3))/3 + 3.
3, 7
Let s be 528/52 + 4/(-26). Suppose s = -3*y + y. Let p(b) = b**3 + 5*b**2 - b + 12. What are the prime factors of p(y)?
17
Let u(j) = -j**3 + 8*j**2 - 8*j - 1. Let d = 5 + 1. Let c be u(d). Let i = -12 + c. What are the prime factors of i?
11
Suppose 4*p = -0*p - m + 1867, -5*m - 451 = -p. List the prime factors of p.
2, 233
Let z(a) = -a**3 + 5*a**2 + 6*a - 7. Let h be z(6). Let b = -20 + 45. Let d = h + b. What are the prime factors of d?
2, 3
Suppose 0 = -6*j + 645 + 1677. What are the prime factors of j?
3, 43
Let q = -11980 + 17863. List the prime factors of q.
3, 37, 53
Let t(o) = -4*o**3 + 18*o**2 + 6*o - 4. Let y(f) = f**3 + f. Let l(g) = -t(g) - 5*y(g). What are the prime factors of l(-18)?
2, 101
Let v(h) = -4*h - 7. Let u be v(5). Let z = -75 + 72. Let y = z - u. What are the prime factors of y?
2, 3
Let y = 133 + -45. What are the prime factors of y?
2, 11
Let n(t) = -t**2 - 8*t + 21. Let y be n(-10). Let h = -6 - -11. Suppose h*w = 39 + y. List the prime factors of w.
2
Let o(v) = -195*v + 479. What are the prime factors of o(-8)?
2039
Let c = 42 + -42. Suppose -r = -3*r + 2*f + 500, c = r - 4*f - 250. List the prime factors of r.
2, 5
Suppose 47 = -3*v + 59. Suppose 0 = -q + v*q - 171. What are the prime factors of q?
3, 19
Suppose -m - 84 = -4*m. Let x = 49 - m. List the prime factors of x.
3, 7
Suppose -u = -4*v + 98 + 700, -3*u + 591 = 3*v. Suppose -3*p - 5*q = -214, -4*q + v = 4*p - 73. What are the prime factors of p?
3, 7
Suppose -2*p + 356 = 9*v - 11*v, v = 1. What are the prime factors of p?
179
Let m(f) = 52*f - 6. Let y(g) = -g**2 - 10*g - 14. Let i be y(-8). List the prime factors of m(i).
2, 7
Let g = 1234 - 632. List the prime factors of g.
2, 7, 43
Let k(h) = 14*h + 325. What are the prime factors of k(-10)?
5, 37
Suppose -m = r - 16, 3*r - 3*m = 87 - 15. Suppose -5*j - r = -9*j. Suppose d - 213 = -4*o - 0*d, j*d = 2*o - 79. What are the prime factors of o?
2, 13
Suppose 0 = -12*n + 19*n - 9499. Suppose 4*w + 321 = n. List the prime factors of w.
7, 37
Let o be (14/6 - 2)/(15/90). List the prime factors of (o/6)/(14/(-8274))*-1.
197
Let x(f) = -38*f - 5. Let a be x(3). List the prime factors of 13/26 + a/(-2).
2, 3, 5
Suppose -5*k = -28 - 7. Suppose -5*m + 23 - k = -4*r, -22 = -5*m - 2*r. What are the prime factors of m?
2
Let g(z) = -z**3 - 11*z**2 - 3*z - 8. Let v be g(-11). Suppose -j = 4*n - 178 - 177, v = -5*j. List the prime factors of n.
2, 3, 5
Let a(p) = -2*p**3 - 17*p**2 - p + 128. What are the prime factors of a(-13)?
2, 3, 277
Suppose 22 = 2*h - 5*p, -5*p + 99 - 9 = 5*h. Suppose 0 = 9*f - 11*f + h. Suppose 4*n - 14 = -g + 2*n, -4*n - f = -4*g. List the prime factors of g.
2, 3
Let r be 6/(-2) - 1 - 11. Let a = r - -16. List the prime factors of (-2)/(4/(-68)*a).
2, 17
Let x = 11 - -2. Suppose 5*g - q = x, 4*g + 0 - 5 = -q. Suppose 3*a - m - 51 = 0, -75 = -g*a - 3*a + 5*m. What are the prime factors of a?
2, 3
Let x = -45 - 31. Let b = 130 + x. Suppose -2*n = 2*o - b, 3*o = -n - 45 + 126. List the prime factors of o.
3
Let g = 3979 + -2184. List the prime factors of g.
5, 359
Suppose -2*w + 5*w - 30 = 0. Let v(f) = -f**3 + 11*f**2 - 3*f - 10. Let i be v(w). Suppose i = 2*g - 0*g. What are the prime factors of g?
2, 3, 5
Let v(w) = 46*w**2 - 7*w + 14. What are the prime factors of v(3)?
11, 37
List the prime factors of (-9542)/(-130) + (6/(-15) - 0).
73
Suppose -529*l + 523*l + 234 = 0. What are the prime factors of l?
3, 13
Let t = -423 + 61. Let g = t + 592. List the prime factors of g.
2, 5, 23
Suppose -2*o - 3*o = 2*h + 17, 0 = 2*o + 10. Suppose -h*f + 4 = -2*f. Suppose 2*p - 64 + 0 = -f*z, 3*p = z + 96. What are the prime factors of p?
2
Let i(h) = -h**3 - 11*h**2 + 3. Let t be i(-11). Suppose -t = -f, 2*f = -5*a + 2*a + 168. Suppose 0 = 7*r - 5*r - a. What are the prime factors of r?
3
Suppose 3*s + 12 = 0, 11*s = d + 9*s - 17